39
In base 7, what is -4 - -1425?
1421
In base 3, what is -1 - -122102?
122101
In base 3, what is 0 - 10100?
-10100
In base 16, what is 848 + 0?
848
In base 4, what is -11 - -2020?
2003
In base 10, what is 264 + 3?
267
In base 7, what is 45 + 1552?
1630
In base 16, what is 25 - -2a?
4f
In base 2, what is 100 + -101111?
-101011
In base 2, what is -10 - -11110010?
11110000
In base 3, what is -210102 - 10?
-210112
In base 6, what is -2 - 4451?
-4453
In base 4, what is -3110 - 11?
-3121
In base 13, what is 5 - 249?
-244
In base 12, what is 147 - -78?
203
In base 2, what is -1011101 - -101?
-1011000
In base 14, what is 0 - 75?
-75
In base 13, what is a2 - 0?
a2
In base 16, what is -3 - a9?
-ac
In base 3, what is -1 - 102020?
-102021
In base 14, what is 1c - 2?
1a
In base 8, what is 1011 + 5?
1016
In base 11, what is -115 - -27?
-99
In base 11, what is -203 + -1?
-204
In base 4, what is -2 - 2022?
-2030
In base 8, what is -5 - 3133?
-3140
In base 16, what is -5 + -42?
-47
In base 16, what is -5 - -89d?
898
In base 6, what is -4 - 3241?
-3245
In base 5, what is 11 + -3?
3
In base 2, what is -11 + 10101100?
10101001
In base 5, what is 224 - -3?
232
In base 13, what is 1 + -5c5?
-5c4
In base 8, what is -227 - -336?
107
In base 11, what is -36 - -21?
-15
In base 13, what is -5 + 463?
45b
In base 16, what is -58b + 6?
-585
In base 6, what is 4 - -334?
342
In base 8, what is 2660 + 2?
2662
In base 10, what is -3 + -110?
-113
In base 7, what is -1241 - -13?
-1225
In base 10, what is 2400 + 4?
2404
In base 10, what is -7 - -117?
110
In base 3, what is 112 - -1220212?
1221101
In base 2, what is -10000 + -110110001?
-111000001
In base 3, what is -12 + 102220?
102201
In base 2, what is 100 + 11010001?
11010101
In base 4, what is -222 - -132?
-30
In base 5, what is 20 + 43321?
43341
In base 8, what is 104 - -3?
107
In base 10, what is -4 - -6?
2
In base 7, what is 5 + -114?
-106
In base 7, what is -3 - 6?
-12
In base 6, what is -13030 - 13?
-13043
In base 13, what is -312 - -2?
-310
In base 13, what is -72b - -5?
-726
In base 9, what is 2650 - 4?
2645
In base 5, what is 11 + 12104?
12120
In base 11, what is -2 + 18?
16
In base 2, what is -10000 - 1110?
-11110
In base 4, what is 11 - -122?
133
In base 11, what is 0 + 977?
977
In base 15, what is -3 - -318?
315
In base 15, what is 14 + da?
ee
In base 13, what is 4 + 16c?
173
In base 6, what is 2335 - 3?
2332
In base 6, what is -4114 - 4?
-4122
In base 16, what is -7 - 0?
-7
In base 11, what is -1 - -2544?
2543
In base 14, what is 7 - -149?
152
In base 4, what is -10303 + 11?
-10232
In base 8, what is 2516 - 2?
2514
In base 4, what is -12 - 13310?
-13322
In base 6, what is 40 - 2?
34
In base 6, what is 324 + 2?
330
In base 3, what is -20 + 100021?
100001
In base 6, what is 2 - 23?
-21
In base 9, what is -1 + 382?
381
In base 15, what is 3 - 26?
-23
In base 13, what is a + c?
19
In base 4, what is 2 + 1100?
1102
In base 16, what is -3 - 11?
-14
In base 14, what is -2488 + -2?
-248a
In base 6, what is 33 - -442?
515
In base 13, what is -5a + 6?
-54
In base 14, what is -4 + b?
7
In base 13, what is 3 - -cb?
101
In base 2, what is 10110110 + -100001?
10010101
In base 11, what is 74 + 4?
78
In base 5, what is 23 - 2?
21
In base 11, what is -4225 - -5?
-4220
In base 11, what is 10 + -10?
0
In base 9, what is -2 - 12?
-14
In base 4, what is 130 - 30?
100
In base 7, what is -2154 - 41?
-2225
In base 13, what is 47 + -7?
40
In base 11, what is -1249 - 0?
-1249
In base 12, what is 116 + 0?
116
In base 12, what is 5 - 391?
-388
In base 12, what is -700 - -1?
-6bb
In base 5, what is -11022 + -24?
-11101
In base 8, what is 0 - -10456?
10456
In base 15, what is 1 + -5?
-4
In base 8, what is -2307 - -1?
-2306
In base 12, what is 29 + 50?
79
In base 15, what is -2b6 + -5?
-2bb
In base 9, what is -8005 - 3?
-8008
In base 16, what is -a - -91?
87
In base 12, what is 17 + 3a7?
402
In base 16, what is 642 + -1?
641
In base 10, what is 110 + -117?
-7
In base 8, what is -10401 + 4?
-10375
In base 12, what is -46 - -48?
2
In base 6, what is -45 + 35?
-10
In base 16, what is -9 - 15?
-1e
In base 2, what is -11 - -10010000110110?
10010000110011
In base 9, what is -468 - 2?
-471
In base 15, what is -23 - -d?
-15
In base 3, what is 1121 + -10?
1111
In base 2, what is 10000 + 111?
10111
In base 11, what is 52 - -6?
58
In base 14, what is -53 - 2a?
-7d
In base 9, what is 1 + 67?
68
In base 12, what is -14 - 15?
-29
In base 7, what is -5 + 5226?
5221
In base 12, what is 10 + 18?
28
In base 7, what is -2252 + 0?
-2252
In base 13, what is 1cc - -7?
206
In base 14, what is -1 - -803?
802
In base 13, what is -269 + -3?
-26c
In base 12, what is 5 + -13b?
-136
In base 3, what is -212 - 1011?
-2000
In base 11, what is -1 - -113?
112
In base 5, what is 43 + -220?
-122
In base 14, what is 1b7 + -5?
1b2
In base 6, what is -3 - -1?
-2
In base 6, what is 30 + -42?
-12
In base 3, what is -10 + -1020?
-1100
In base 8, what is 75 - 1?
74
In base 7, what is -5 - -1?
-4
In base 14, what is -19 + -2d?
-48
In base 5, what is 31 + 211?
242
In base 4, what is -130 + 13203?
13013
In base 9, what is -23 - -37?
14
In base 2, what is -10 + -1001110010?
-1001110100
In base 11, what is -17 + 2a4?
288
In base 9, what is 2 + 146?
148
In base 13, what is 13473 + 5?
13478
In base 11, what is 859 + -1?
858
In base 2, what is -101 - 11000101?
-11001010
In base 4, what is 232 - 0?
232
In base 13, what is -4 - -12c?
128
In base 7, what is -324 - 13?
-340
In base 9, what is 621 + -2?
618
In base 2, what is -11011 + -10000011011?
-10000110110
In base 13, what is -1b7 + 6?
-1b1
In base 7, what is 11 - -2?
13
In base 8, what is 6775 - -2?
6777
In base 7, what is -50404 + -4?
-50411
In base 7, what is -2 + -121?
-123
In base 15, what is 5 - -2730?
2735
In base 5, what is -1421 + -1?
-1422
In base 2, what is -110110010 + 101?
-110101101
In base 16, what is -21 - 40?
-61
In base 10, what is 2 + 35?
37
In base 10, what is 3 + 405?
408
In base 6, what is 2 + 140?
142
In base 3, what is 102000 + -201?
101022
In base 4, what is -1100 - -22?
-1012
In base 3, what is 0 + -11122?
-11122
In base 10, what is 29 - -35?
64
In base 4, what is 10 + 11122?
11132
In base 5, what is -2044 - 142?
-2241
In base 8, what is 12070 + -3?
12065
In base 2, what is -10011 + 1100?
-111
In base 12, what is 607 + 4?
60b
In base 8, what is -20 - -147?
127
In base 13, what is a0 - -21?
c1
In base 2, what is 1010000 - 100?
1001100
In base 8, what is -37 + 47?
10
In base 11, what is -4 - -136?
132
In base 15, what is 51a8 - -5?
51ad
In base 7, what is 4 + -3200?
-3163
In base 8, what is 674 + 4?
700
In base 16, what is 33 - -f?
42
In base 13, what is 1 + 51?
52
In base 16, what is -b7 + 5?
-b2
In base 3, what is -11000 - -112?
-10111
In base 11, what is -53 - 5?
-58
In base 3, what is 12110 + 2?
12112
In base 8, what is -4 - 11510?
-11514
In base 7, what is -14010 + -6?
-14016
In base 7, what is -1210 - -5?
-1202
In base 6, what is 350 + -2?
344
In base 5, what is 112 + -14?
43
In base 3, what is -12 + -1000?
-1012
In base 2, what is 10101 + -10?
10011
In base 2, what is 11 - -100111100?
100111111
In base 16, what is 1 - 8?
-7
In base 6, what is 12 - -1032?
1044
In base 3, what is 1 + 1122221?
1122222
In base 4, what is 100 - 10121?
-10021
In base 10, what is -9 - 4?
-13
In base 4, what is 20231 - 0?
20231
In base 9, what is -16 - 5?
-22
In base 11, what is -10 - 9?
-19
In base 16, what is -2 + f13?
f11
In base 16, what is -643 - -4?
-63f
In base 8, what is -64016 - 2?
-64020
In base 9, what is -21 + -4?
-25
In base 13, what is 307 + -4?
303
In base 11, what is -39 - -53?
15
In base 11, what is 617 + 0?
617
In base 16, what is 3 + 21?
24
In base 9, what is 3 + -1303?
-1300
In base 4, what is 11 - -302?
313
In base 7, what is -4 - 2044?
-2051
In base 10, what is -371 - 4?
-375
In base 14, what is -1a4 + 0?
-1a4
In base 8, what is 274 + 5?
301
In base 14, what is -3 - 40?
-43
In base 9, what is 566 + 4?
571
In base 7, what is -4 + 16262?
16255
In base 13, what is -2b - -c?
-1c
In base 7, what is 5 - 12415?
-12410
In base 7, what is -5 + -213?
-221
In base 3, what is 2 - -112222?
120001
In base 2, what is -10101001011 - 100?
-10101001111
In base 4, what is -120 + 1322?
1202
In base 11, what is -3288 - 4?
-3291
In 